 4*b + 66 + 68 - 267 + 61 + 68. Suppose 0 = -6*d + 2*d + 20. Calculate q(d).
16
Suppose 0 = 3*r - i + 11, 5*i - 20 = 10*i. Let o(x) = 2*x**3 + 10*x**2 + 2*x - 8. Calculate o(r).
-18
Suppose -b - 552 = -3*r + 379, 2*r - 3*b = 623. Let a(p) = -311*p**2 + 7*p - p - 5 + r*p**2. Suppose -3*y + 12 = -y. Give a(y).
-5
Let f(q) = -q**3 - 14*q**2 + 41*q + 2. Let g be f(-17). Let i(s) = 59*s - g*s + 3 + 59*s + 55*s. Calculate i(0).
3
Let r(b) = 2*b - 23. Let c be r(-11). Let v = 49 + c. Suppose 0 = 4*u + 4*a - 8, 2*u - 6*a + 3*a = v. Let n(t) = 4*t - 2. Calculate n(u).
6
Let n(u) = 2*u**3 - 5*u**2 + 4*u - 4. Let h = 73 - 71. Let q be (5/(-1) - -9)*10/h. Let d be q + -18 + -1 + 2. Give n(d).
17
Suppose 198*v - 227 = 367. Let c(h) = -3*h**2 + 17*h + 1. Give c(v).
25
Suppose -2*c = -5*u + 42, 5*u + 2*c + 0*c = 58. Let j(l) = -11*l**2 + 5 + u*l**2 - 2*l - 2*l. Calculate j(-5).
0
Let s(z) = 6537*z**3 + 19 - 13113*z**3 + 14*z**2 - 16*z + 6575*z**3. Calculate s(13).
-20
Let a(u) = -u**3 + u - 3 + 1 - 2*u + 3*u**2. Let b(z) = -z**3 - 12*z**2 - 25*z - 14. Let v be b(-7). Let q be (-280)/v - 1/3. Determine a(q).
-5
Let c(s) = -s**3 + 78*s**2 + 17*s + 34. Let v(m) = -7*m**3 + 498*m**2 + 103*m + 202. Let y(w) = -13*c(w) + 2*v(w). What is y(-17)?
-72
Let w(p) = -2*p**2 + 4*p - 16. Let v(x) = -x**2 + 2*x - 6. Let a(n) = 5*v(n) - 2*w(n). Let o be 0 + 0 + 1 + -2. Give a(o).
-1
Let o(s) = 151*s + 913. Let w be o(-6). Let z(v) = -v**3 + 7*v**2 - 2*v - 9. What is z(w)?
-23
Let a(f) = f. Let y(g) = -4*g + 15. Let j be y(11). Let l = 27 + j. Let n(m) = 3*m**2 + 3*m. Let z be n(l). What is a(z)?
6
Suppose 5*w = -j - 7, 5*w - 10 + 0 = 0. Let l(b) = b**3 + 17*b**2 - 2*b + 8. Calculate l(j).
42
Suppose 2*b + 22 = -5*o - 0*b, -3*o + 2*b = 26. Let j be 5 + 2/o*3. Suppose 1 = -j*f + 9. Let k(m) = 2*m**2 - 2*m. Determine k(f).
4
Let d be (-6 - -7) + 2 + 1. Suppose -d*z = -5*z - 1. Let t(n) be the second derivative of -3*n**4/4 - n**2/2 - 28*n. Determine t(z).
-10
Suppose -736 = -7*w + 713. Let x = 207 - w. Let h(l) = l - 14. Calculate h(x).
-14
Let k(w) = -4*w + 2. Let g(u) = -24*u**2 + 2*u + 22. Let f be g(5). Let h be f/(-12) - 3/9. Let i = 53 - h. Determine k(i).
-22
Let v(o) = 132*o + 2770. Let d be v(-21). Let f(h) = -h**2 + h + 6. What is f(d)?
0
Let k(c) be the second derivative of c**5/10 + c**4/3 + 7*c**2/2 - 365*c + 3. Give k(-3).
-11
Let w(f) be the second derivative of f**3/2 - 16*f**2 + 16*f + 2. Let r be w(12). Let x = 4 - r. Let y(g) = g**3 + g**2 + g + 15. What is y(x)?
15
Suppose -4*n = -2*y - 4 - 2, 1 = 3*n - 5*y. Let k(p) = -n*p**2 + 7*p + 3*p**2 + 14 - 10. Suppose 4*a + 29 = -5*z, z + 3 = -a - 3. Determine k(z).
-6
Let t(o) = 5*o**2 + 17*o - 88. Let g(q) = -2*q**2 - 9*q + 44. Let m(u) = 7*g(u) + 3*t(u). Calculate m(8).
12
Let b(j) = -30*j**3 - 21*j**2 - 26*j + 40. Let x(c) = -19*c**3 - 14*c**2 - 17*c + 27. Let h(w) = 7*b(w) - 11*x(w). Give h(7).
18
Let s(t) be the first derivative of t**5/60 - 13*t**4/24 + 2*t**2 - t - 50. Let g(r) be the second derivative of s(r). Give g(12).
-12
Let h(y) = -y**2 + 9*y - 9. Suppose -12 = -4*q - 0*q. Let p be q + (-3)/6*6 + 19. Suppose -4*a = -a - c - p, 0 = 4*c - 8. What is h(a)?
5
Let w(a) = -a**3 + 23*a**2 - 88*a - 18. Let i be w(18). Let j(o) = -o**3 + 17*o**2 + 22*o - 21. Determine j(i).
51
Suppose 28 = -2*k - k - 2*q, 0 = 2*k - 2*q + 22. Let m(w) = -2*w**3 + 6*w**2 - 8*w + 9. Let s(z) = z**3 + z**2 + 1. Let n(g) = m(g) + 3*s(g). Give n(k).
-8
Suppose -48 = -2*n + 2. Suppose 4*s + 15 = -n. Let z(f) = 4099 - 4089 + 2*f - f. What is z(s)?
0
Let l = 538 - 532. Let p(j) = -17*j + 100. Let d be p(l). Let b(v) = 15*v. Give b(d).
-30
Suppose -4*n + 110 = 5*c - 27, 3*c = -n + 36. Suppose -5*f - n + 23 = 0. Let r be (-1)/((-6)/(-4) + f). Let a(k) = -k - 1. What is a(r)?
-3
Let a(w) be the second derivative of -29*w**3/6 - 4*w**2 + 18*w - 272. What is a(-2)?
50
Let i be -10*8/(-120)*3. Let v(q) = 117 - 2*q**2 - 60 + q**3 + 2*q**i - 56. Let k = 1 + -4. Calculate v(k).
-26
Suppose -942 = 8*r - 2*r. Let f = 145 + r. Let z be (-4 - 55/(-15))/((-1)/f). Let j(y) = 6*y + 3. Determine j(z).
-21
Let o(j) be the third derivative of j**6/60 + 3*j**5/20 + 2*j**4/3 + j**3 + 9228*j**2. What is o(-2)?
-6
Suppose 1 = 2*n + 2*c + 5, 0 = -4*n + 3*c + 20. Let q(m) = 0*m**2 + m**2 - 3*m + n*m + 0*m. Suppose -8*r = -7*r. What is q(r)?
0
Let s(g) = 6*g**2 - 8*g + 7. Let u be (156/117)/(((-2)/3)/(-2)). Let k(r) = r**2 + 1. Let c(b) = u*k(b) - s(b). Calculate c(5).
-13
Let j(b) = -b**3 + 4*b**2 + 3*b + 2. Let v be j(0). Let z(c) = -2*c + c**3 + 8*c - 131*c**v + 137*c**2. Calculate z(-4).
8
Let n(a) = -3*a**2 - 26*a - 41. Let k(z) = 2*z**3 - 51*z**2 + 71*z + 18. Let q be k(24). What is n(q)?
7
Let p(z) = 8*z**2 + 44*z - 4. Suppose 2*w + 37 = 5*l, -11*w + 6*w - 3*l - 15 = 0. What is p(w)?
20
Let d(b) = -1. Let z(w) = 5*w - 2. Let x(s) = 2*d(s) - z(s). Suppose -2*h - 8 = -12. Calculate x(h).
-10
Let v = -12985 - -12986. Let y(p) = -9*p + 10. Give y(v).
1
Suppose 0*m - 2*m = -8. Suppose 0 = -0*o - 3*o + 5*c - 16, -3*o = m*c - 2. Let f(a) = 5*a. Let i(u) = 38*u + 1. Let x(q) = -14*f(q) + 2*i(q). Give x(o).
-10
Let t(v) be the first derivative of 53 - 1/2*v**2 + 3*v. Give t(5).
-2
Suppose 3*w + w + o = 17, -o + 11 = 2*w. Suppose 9 = 2*q - w*g, 6*g = 4*q + 2*g - 24. Let j(i) = -i**3 + 9*i**2 - i - 4. Calculate j(q).
-13
Suppose 5*z = -6*d + d + 125, 95 = 5*d - 5*z. Suppose -64 = 6*c - d. Let f(y) = 5*y - 2*y - 4*y - 6. Give f(c).
1
Let k(h) be the second derivative of -h**4/12 - 11*h**3/2 - 133*h**2 + 6*h - 123. Give k(-15).
4
Let c(q) = 4*q + 5. Let l(g) = 22*g + 159. Let b be l(-15). Let r = b + 168. Calculate c(r).
-7
Let l(o) = -o**2 - 15*o + 35. Let u be (4/(-15))/((-162)/1215). Determine l(u).
1
Let v(y) = 302*y + 30. Let a(f) = -49*f - 5. Let k(h) = -37*a(h) - 6*v(h). Determine k(-6).
-1
Suppose 72 = 41*c - 37*c. Let o(b) = 13*b**2 - 75 - c*b**2 + 72 - b**3. Determine o(-5).
-3
Let o(n) = 18 + n**3 + 15*n**2 - 14 + 18 + 17 - 198*n + 168*n. Determine o(-17).
-29
Let y be 6 + -5 + (-1 - 7). Let v(b) = b**3 + 8*b**2 + 16*b + 5. What is v(y)?
-58
Let b(x) = x**3 + 3*x**2 - 5*x - 7. Let v = -34 + 37. Suppose -23 = 3*m - 5*f + 9, v*m + 4 = -2*f. Calculate b(m).
-3
Let a(l) be the third derivative of -l**4/8 + 52*l**3/3 + 2*l**2 - 140. Let p(f) = f - 35. Let h(r) = -6*a(r) - 17*p(r). Determine h(20).
-9
Let v be (0 - 20/(-15))*-3. Let o(y) be the second derivative of y**3/3 + 2*y**2 + 3*y. Determine o(v).
-4
Let b(c) = -c**3 + 5*c**2 + 9*c - 9. Suppose -76 + 64 = 58*r - 360. Give b(r).
9
Let u(y) = 15*y**2 + 54*y - 7. Let f(w) = 6*w - 1. Let m(n) = -9*f(n) + u(n). Calculate m(2).
62
Let w(b) = -3*b - 27. Let h(u) = -5*u - 44. Let c be h(-7). Let i be w(c). Suppose 5*r + 17 + 8 = i, 0 = -2*q - 2*r - 26. Let o(d) = d - 3. What is o(q)?
-11
Let v(b) = 9*b**2 + 19*b - 75. Let k(w) = 23*w**2 + 48*w - 190. Let s(o) = 5*k(o) - 13*v(o). Give s(4).
-35
Let z(p) be the second derivative of p**4/2 - p**3/6 + p**2/2 + 2*p. Let s(l) = -l**3 + 38*l**2 + 52*l - 506. Let n be s(39). Calculate z(n).
6
Let w(j) = -j**3 - 6*j**2 - 13*j - 10. Let f = 214 - 217. Let y be w(f). Let l(g) = 5*g**3 - 2*g**2 - 2*g + 3. Calculate l(y).
31
Let i(r) = 24*r**3 + 32*r**2 + 9*r + 88. Let q(d) = -11*d**3 - 15*d**2 - 4*d - 41. Let k(n) = -6*i(n) - 13*q(n). What is k(4)?
-19
Let z(p) = 21*p**2 - 3*p + 10. Let u(t) = -11*t**2 + t - 4. Suppose 0 = 17*j + 15 - 100. Let b(k) = j*u(k) + 2*z(k). Calculate b(-1).
-12
Let f = 262 - 257. Let s(c) = c**2 + 2*c + 1. Let o(q) = 2*q**2 + 3*q + 2. Let j(r) = -2*o(r) + 3*s(r). Give j(f).
-26
Let z(i) be the second derivative of i**3/2 - 59*i**2/2 - 81*i + 8. What is z(13)?
-20
Let l(p) = -12*p**3 - 4*p**2 - 33*p + 18. Let o(s) = -19*s**3 - 6*s**2 - 52*s + 29. Let v(q) = 8*l(q) - 5*o(q). Suppose 0 = -7*j + 9*j + 6. Give v(j).
20
Suppose -6 = t - 3*c, -9*c - 15 = -4*t - 10*c. Let l(s) = s**3 + 0*s**t + 98*s - 102*s - 6 + 4*s**2. What is l(-5)?
-11
Let c(s) be the first derivative of 3*s**2/2 - s + 3546. Let a(w) = -w**2 - 9*w - 7. Suppose 19 + 21 = -5*n. Let i be a(n). What is c(i)?
2
Suppose -43 - 22 = 6*s - 23. Let i(m) = -m**3 - 8*m**2 - 7*m - 11. What is i(s)?
-11
Let c(o) = -o - 7. Let a = -25 + 32. Suppose -2*y + 44 = -2*i - a*y, i + 29 = y. Let g = 21 +